 common factor of 26 and i?
13
Let y(l) = -l + 54. Let j be y(0). What is the highest common factor of 6 and j?
6
Suppose 7*j - 5*j = 238. What is the greatest common divisor of j and 17?
17
Let c = -68 - -92. Calculate the highest common factor of 60 and c.
12
Suppose -3*z + 134 = 41. What is the greatest common divisor of z and 93?
31
Suppose a = 4*a. Suppose a - 6 = -2*f. What is the highest common factor of f and 33?
3
Let u(s) = s**2 - 4*s - 7. Let a be u(6). Let h = a + 0. Suppose 5*v - 7*v = -10. Calculate the highest common factor of h and v.
5
Suppose 4*o - 188 = 292. Let v = -67 + 159. Suppose 3*t - 42 = -3*y + 18, 4*t + y = v. What is the greatest common divisor of o and t?
24
Let i = -4 - -7. What is the highest common factor of 18 and i?
3
Let h = -109 - -230. Suppose -3*u = -0*u - 33. What is the greatest common divisor of u and h?
11
Let k = 152 - 107. Suppose 0 = -7*t + 3*t, 4*t = 3*y + k. Let w = 21 + y. Calculate the highest common factor of w and 66.
6
Let l(g) = -3*g - 20. Let r be l(-9). What is the highest common factor of r and 35?
7
Suppose -2*l - 44 + 58 = 0. Calculate the highest common divisor of 77 and l.
7
Let w = -43 - -47. Calculate the highest common factor of 36 and w.
4
Suppose 33 = 5*i - 67. Let n be ((-72)/i)/((-6)/100). Suppose y = -4*y + 120. What is the highest common divisor of y and n?
12
Suppose -p + 2*p = 0. Suppose p = -3*u + 6, -3*u + 6*u = 4*t - 302. Let m = 9 - -2. What is the greatest common factor of m and t?
11
Let q(k) be the second derivative of k**3/6 + k**2 + 4*k. Let v be q(6). Calculate the highest common divisor of 8 and v.
8
Let l = 396 - 252. Suppose -4*k + 3*x = -9, 9 = -0*k + k - 3*x. Suppose -48 = -3*q - k*q. Calculate the greatest common factor of q and l.
16
Let m(l) = 51*l + 1. Let j be m(1). Calculate the greatest common divisor of j and 78.
26
Let u(b) = -2*b - 3. Let m be u(-3). Suppose -m*h = -2*k - 54 - 23, -20 = -h - 5*k. Calculate the highest common divisor of 5 and h.
5
Let n(d) = -d**3 + 10*d**2 - 7*d - 13. Suppose 0*m + 33 = 4*m + 3*g, 0 = -4*m + 3*g + 39. Let a be n(m). Calculate the highest common factor of 5 and a.
5
Let a(m) = 3*m**2 + 16*m - 6. Let r be a(-12). Suppose 0 = 6*h - 2*h + 32. Let v be (-214)/h - (-12)/(-16). What is the greatest common factor of v and r?
26
Suppose -m + 2 = -0. Let z be 1 + m + (-1)/1. Let r be (-1)/(((-2)/15)/z). What is the greatest common factor of r and 5?
5
Let h(r) = 2*r + 9. Let k be h(15). What is the greatest common factor of 26 and k?
13
Suppose -p - 10 = -3*x - 5, -2*x + 3*p + 1 = 0. Let r = x - -5. Let o be r - ((-1 - -1) + -1). What is the highest common divisor of o and 4?
4
Let r(b) = -5*b**3 + b**2 + 2*b + 1. Let d be r(-1). Calculate the greatest common divisor of d and 5.
5
Let k = 7 + -7. Let b be (-4)/(-4) + 17 - k. Calculate the highest common factor of b and 9.
9
Suppose 0 = 2*p - 27 + 21. Let n = 41 + -14. What is the greatest common factor of n and p?
3
Suppose 5*j + 70 = 5*m, m + j - 6*j - 6 = 0. What is the greatest common divisor of 16 and m?
16
Let v(y) = y**3 + 5*y**2. Let q be v(-5). Suppose q = -7*n + 6*n - 175. Let g = -21 - n. Calculate the greatest common divisor of g and 14.
14
Suppose 0 = 5*r - 169 + 44. Let t be (-2*(2 + -5))/2. Suppose 50 = t*j + 2*j. Calculate the greatest common factor of r and j.
5
Suppose 7*q = m + 2*q - 26, m = -5*q + 6. Let i be m/(-6) + (-3)/9. Let k = 2 - i. What is the highest common factor of k and 45?
5
Let x(g) = 3*g**3 - 6*g**2 + 6*g. Let l be x(4). Suppose w - 3*w = -l. Calculate the highest common factor of 20 and w.
20
Suppose -5*v + 165 = -q, -4*v + 3*q = -2*q - 153. Calculate the highest common factor of v and 48.
16
Let d(h) = -h**3 + 5*h**2 + 2*h + 2. Suppose -4*l = -0*l - 3*i - 8, -2*l - 2 = -3*i. Let x be d(l). Calculate the highest common divisor of x and 132.
12
Suppose -z = -4*x - 70, 4*z = -4*x + 234 + 26. Calculate the greatest common factor of z and 6.
6
Let i be (1 + 28/(-20))*-20. Let m be (-2)/6 + 4/12. Suppose -5*z = -s - 0*s - 162, m = -3*z + s + 98. Calculate the highest common factor of z and i.
8
Let i = 64 + -44. What is the highest common factor of i and 140?
20
Suppose 11 = 3*l - 2*l + 4*g, -g + 11 = 3*l. What is the greatest common divisor of 3 and l?
3
Suppose w - 48 = -2*s, -2*w + 88 = -0*w + 2*s. Let j(c) = c**2 - c + 3. Let m be j(-4). Let a = w - m. What is the highest common divisor of a and 170?
17
Let f be 1 + 4 + (-1)/(-1). Let n be 5/(15/(-6)) - -4. Let a be 2/f*(53 - n). Calculate the highest common divisor of 136 and a.
17
Suppose 21 = v + 2*v. Suppose 0 = -v*x + 3*x + 60. What is the highest common factor of x and 3?
3
Suppose -13 - 131 = -4*j. What is the greatest common factor of 24 and j?
12
Let a(k) = 43*k - 4. Let i be a(4). What is the greatest common factor of i and 24?
24
Suppose 2*m = -0*m + 8. Let t(z) = z**3 - 6*z**2 + z - 6. Let j be t(6). Suppose j = -0*p + p - m. Calculate the greatest common factor of p and 32.
4
Let d(z) = -25*z + 22. Let l be d(-11). Calculate the greatest common divisor of 11 and l.
11
Suppose 2*f - 108 = -2*y, 2*f - 2*y - 112 = -4. What is the highest common factor of f and 81?
27
Suppose -2*z - 3*m - 52 = -6*z, 3*z + 4*m - 14 = 0. Calculate the highest common divisor of 80 and z.
10
Let k = 17 - 13. What is the greatest common divisor of 10 and k?
2
Let l(z) = -z**2 - 11*z + 22. Let r be l(-11). Suppose 0 = -y + 10 + 1. Calculate the highest common factor of r and y.
11
Suppose 16 = -7*x + 261. Suppose 2*w + 126 = 4*r, -22 = -5*w - 7. Suppose -g = 1, -6*k + k - 2*g + r = 0. What is the highest common divisor of x and k?
7
Let r = -5 + -38. Let o = 47 - r. What is the greatest common factor of o and 10?
10
Let f(i) = 3*i + 5. Let w be f(-6). Let s = 14 + w. What is the greatest common factor of s and 5?
1
Suppose -n = -4*l - 30, 0 = 3*n + 4*l + 1 - 11. What is the greatest common divisor of n and 10?
10
Suppose -3 = 5*h + 2. Let v(z) = 2 - 1 + 21*z - 101*z. Let t be v(h). What is the highest common factor of 9 and t?
9
Let i(d) = 3*d**2 + 43*d + 11. Let k be i(-17). What is the greatest common factor of 21 and k?
21
Let a = 280 - 100. What is the greatest common divisor of 20 and a?
20
Let f = 14 - 12. Calculate the highest common factor of 6 and f.
2
Suppose 44 = -6*a - 46. Let j be 5*(0 + (-48)/10). Let m = a - j. What is the highest common factor of 99 and m?
9
Suppose 4*g = 4*s - 268, -3*s - 3*g - 77 = -4*s. Calculate the greatest common factor of 155 and s.
31
Suppose 56 = 5*i + 2*k, -3*i + 1 = -k - 37. What is the greatest common factor of 12 and i?
12
Suppose 0 = 9*g - 6*g - 9. Calculate the highest common divisor of 1 and g.
1
Let a be 62 - (3 - (-2 + 3)). What is the highest common factor of 30 and a?
30
Suppose -2*h + 37 = -27. Let o be 74/8 + 24/h. Suppose -3*c + 5*b - 34 = -294, -4*b = 5*c - 458. What is the greatest common divisor of o and c?
10
Let b = 2 + -2. Suppose 0 = -b*c + 4*c - 60. Suppose -i - 2*i = -c. What is the greatest common factor of 1 and i?
1
Let g = 3 + -3. Suppose g = -2*u - 4*v + 14, -2*u = -2*v - 2 - 6. Let i be ((-24)/u)/(9/(-30)). What is the highest common factor of 2 and i?
2
Suppose -4*u + 28 = -12. Calculate the greatest common divisor of u and 30.
10
Let c = 68 - 65. Calculate the highest common divisor of 33 and c.
3
Let i be (-10)/(-15) - 196/(-3). Let h be (0 - 1/3)*3. Let y = h - -7. What is the highest common divisor of i and y?
6
Let p be (-495)/(-10) - 15/10. What is the greatest common divisor of p and 6?
6
Suppose -3*u - u + 56 = 0. Suppose 0 = 3*y - 5*n - 0 - 62, -y + 5*n = -34. What is the highest common factor of u and y?
14
Let l(m) = m**2 + 6*m - 1. Let v be l(-7). Calculate the highest common divisor of 12 and v.
6
Suppose 0 = 8*y - 3*y - 330. Calculate the greatest common factor of 22 and y.
22
Let o = 16 - -2. What is the greatest common factor of o and 144?
18
Suppose -s + 19 + 29 = 3*y, 0 = 4*s. Suppose 0 = 5*t - 4*t - 4. What is the highest common factor of y and t?
4
Let i(j) = -10 + 0*j - j + 3. Let o be i(-3). Let h be o*(-15)/18*3. What is the greatest common divisor of 10 and h?
10
Let o = 1 + -5. Let w = -1 - o. What is the greatest common factor of w and 1?
1
Let y = -396 - -572. Let p = y + -71. What is the greatest comm